{"id":119,"date":"2026-03-04T14:12:13","date_gmt":"2026-03-04T17:12:13","guid":{"rendered":"http:\/\/adefav.org.br\/index.php\/centro-de-recursos\/"},"modified":"2026-03-04T14:12:13","modified_gmt":"2026-03-04T17:12:13","slug":"centro-de-recursos","status":"publish","type":"page","link":"http:\/\/adefav.org.br\/index.php\/centro-de-recursos\/","title":{"rendered":"Centro de Recursos"},"content":{"rendered":"<h2>Centro de Recursos \u2013 Refer\u00eancia Nacional<\/h2>\n<p>Atua\u00e7\u00e3o presencial e online com forma\u00e7\u00e3o continuada, est\u00e1gio supervisionado, avalia\u00e7\u00f5es e planos de interven\u00e7\u00e3o.<\/p>\n<ul>\n<li>Forma\u00e7\u00e3o continuada<\/li>\n<li>Est\u00e1gio supervisionado<\/li>\n<li>Avalia\u00e7\u00e3o e planos de interven\u00e7\u00e3o<\/li>\n<li>Plano Educacional Individualizado<\/li>\n<li>Assessoria t\u00e9cnica a Secretarias Municipais e Estaduais<\/li>\n<li>Eventos, f\u00f3runs e simp\u00f3sios<\/li>\n<li>Dissemina\u00e7\u00e3o de refer\u00eancias bibliogr\u00e1ficas<\/li>\n<\/ul>\n<p>Em parceria com o Perkins Internacional, o Instituto disponibiliza materiais t\u00e9cnicos traduzidos e produzidos gratuitamente para todo o Brasil.<\/p>\n","protected":false},"excerpt":{"rendered":"<p>Centro de Recursos \u2013 Refer\u00eancia Nacional Atua\u00e7\u00e3o presencial e online com forma\u00e7\u00e3o continuada, est\u00e1gio supervisionado, avalia\u00e7\u00f5es e planos de interven\u00e7\u00e3o. Forma\u00e7\u00e3o continuada Est\u00e1gio supervisionado Avalia\u00e7\u00e3o e planos de interven\u00e7\u00e3o Plano Educacional Individualizado Assessoria t\u00e9cnica a Secretarias Municipais e Estaduais Eventos, f\u00f3runs e simp\u00f3sios Dissemina\u00e7\u00e3o de refer\u00eancias bibliogr\u00e1ficas Em parceria com o Perkins Internacional, o Instituto [&hellip;]<\/p>\n","protected":false},"author":1,"featured_media":0,"parent":0,"menu_order":0,"comment_status":"closed","ping_status":"closed","template":"","meta":{"_vp_format_video_url":"","_vp_image_focal_point":[],"footnotes":""},"class_list":["post-119","page","type-page","status-publish","hentry"],"_links":{"self":[{"href":"http:\/\/adefav.org.br\/index.php\/wp-json\/wp\/v2\/pages\/119","targetHints":{"allow":["GET"]}}],"collection":[{"href":"http:\/\/adefav.org.br\/index.php\/wp-json\/wp\/v2\/pages"}],"about":[{"href":"http:\/\/adefav.org.br\/index.php\/wp-json\/wp\/v2\/types\/page"}],"author":[{"embeddable":true,"href":"http:\/\/adefav.org.br\/index.php\/wp-json\/wp\/v2\/users\/1"}],"replies":[{"embeddable":true,"href":"http:\/\/adefav.org.br\/index.php\/wp-json\/wp\/v2\/comments?post=119"}],"version-history":[{"count":0,"href":"http:\/\/adefav.org.br\/index.php\/wp-json\/wp\/v2\/pages\/119\/revisions"}],"wp:attachment":[{"href":"http:\/\/adefav.org.br\/index.php\/wp-json\/wp\/v2\/media?parent=119"}],"curies":[{"name":"wp","href":"https:\/\/api.w.org\/{rel}","templated":true}]}}