{"id":121,"date":"2026-03-04T14:12:13","date_gmt":"2026-03-04T17:12:13","guid":{"rendered":"http:\/\/adefav.org.br\/index.php\/parceiros\/"},"modified":"2026-03-04T14:12:13","modified_gmt":"2026-03-04T17:12:13","slug":"parceiros","status":"publish","type":"page","link":"http:\/\/adefav.org.br\/index.php\/parceiros\/","title":{"rendered":"Parceiros"},"content":{"rendered":"<h2>Parcerias estrat\u00e9gicas<\/h2>\n<ul>\n<li>Secretaria Municipal de Educa\u00e7\u00e3o<\/li>\n<li>Governo do Estado de S\u00e3o Paulo<\/li>\n<li>Minist\u00e9rio da Educa\u00e7\u00e3o<\/li>\n<li>Grupo Brasil de Apoio ao Surdocego<\/li>\n<li>Perkins Internacional<\/li>\n<li>Banco Safra<\/li>\n<li>Sicredi<\/li>\n<li>Rede Entre Amigos<\/li>\n<li>REBRATES<\/li>\n<\/ul>\n","protected":false},"excerpt":{"rendered":"<p>Parcerias estrat\u00e9gicas Secretaria Municipal de Educa\u00e7\u00e3o Governo do Estado de S\u00e3o Paulo Minist\u00e9rio da Educa\u00e7\u00e3o Grupo Brasil de Apoio ao Surdocego Perkins Internacional Banco Safra Sicredi Rede Entre Amigos REBRATES<\/p>\n","protected":false},"author":1,"featured_media":0,"parent":0,"menu_order":0,"comment_status":"closed","ping_status":"closed","template":"","meta":{"_vp_format_video_url":"","_vp_image_focal_point":[],"footnotes":""},"class_list":["post-121","page","type-page","status-publish","hentry"],"_links":{"self":[{"href":"http:\/\/adefav.org.br\/index.php\/wp-json\/wp\/v2\/pages\/121","targetHints":{"allow":["GET"]}}],"collection":[{"href":"http:\/\/adefav.org.br\/index.php\/wp-json\/wp\/v2\/pages"}],"about":[{"href":"http:\/\/adefav.org.br\/index.php\/wp-json\/wp\/v2\/types\/page"}],"author":[{"embeddable":true,"href":"http:\/\/adefav.org.br\/index.php\/wp-json\/wp\/v2\/users\/1"}],"replies":[{"embeddable":true,"href":"http:\/\/adefav.org.br\/index.php\/wp-json\/wp\/v2\/comments?post=121"}],"version-history":[{"count":0,"href":"http:\/\/adefav.org.br\/index.php\/wp-json\/wp\/v2\/pages\/121\/revisions"}],"wp:attachment":[{"href":"http:\/\/adefav.org.br\/index.php\/wp-json\/wp\/v2\/media?parent=121"}],"curies":[{"name":"wp","href":"https:\/\/api.w.org\/{rel}","templated":true}]}}