{"id":124,"date":"2026-03-04T14:29:59","date_gmt":"2026-03-04T17:29:59","guid":{"rendered":"http:\/\/adefav.org.br\/?page_id=124"},"modified":"2026-03-04T14:29:59","modified_gmt":"2026-03-04T17:29:59","slug":"o-instituto","status":"publish","type":"page","link":"http:\/\/adefav.org.br\/index.php\/o-instituto\/","title":{"rendered":"O Instituto"},"content":{"rendered":"\n<p>O Instituto ADEFAV \u00e9 uma organiza\u00e7\u00e3o da sociedade civil sem fins lucrativos que h\u00e1 mais de quatro d\u00e9cadas atua na promo\u00e7\u00e3o da inclus\u00e3o, educa\u00e7\u00e3o especializada, sa\u00fade e assist\u00eancia social para pessoas com defici\u00eancia.<\/p>\n\n\n\n<p>Fundado em 1983, o Instituto tornou-se refer\u00eancia nacional no atendimento a pessoas com surdocegueira e defici\u00eancia m\u00faltipla sensorial, oferecendo atendimento educacional especializado, apoio \u00e0s fam\u00edlias e programas de desenvolvimento social.<\/p>\n\n\n\n<p>Nossa sede est\u00e1 localizada no bairro do Ipiranga, em S\u00e3o Paulo, em um espa\u00e7o totalmente acess\u00edvel e preparado para oferecer atendimento humanizado e especializado.<\/p>\n","protected":false},"excerpt":{"rendered":"<p>O Instituto ADEFAV \u00e9 uma organiza\u00e7\u00e3o da sociedade civil sem fins lucrativos que h\u00e1 mais de quatro d\u00e9cadas atua na promo\u00e7\u00e3o da inclus\u00e3o, educa\u00e7\u00e3o especializada, sa\u00fade e assist\u00eancia social para pessoas com defici\u00eancia. Fundado em 1983, o Instituto tornou-se refer\u00eancia nacional no atendimento a pessoas com surdocegueira e defici\u00eancia m\u00faltipla sensorial, oferecendo atendimento educacional especializado, [&hellip;]<\/p>\n","protected":false},"author":1,"featured_media":0,"parent":0,"menu_order":0,"comment_status":"closed","ping_status":"closed","template":"","meta":{"_vp_format_video_url":"","_vp_image_focal_point":[],"footnotes":""},"class_list":["post-124","page","type-page","status-publish","hentry"],"_links":{"self":[{"href":"http:\/\/adefav.org.br\/index.php\/wp-json\/wp\/v2\/pages\/124","targetHints":{"allow":["GET"]}}],"collection":[{"href":"http:\/\/adefav.org.br\/index.php\/wp-json\/wp\/v2\/pages"}],"about":[{"href":"http:\/\/adefav.org.br\/index.php\/wp-json\/wp\/v2\/types\/page"}],"author":[{"embeddable":true,"href":"http:\/\/adefav.org.br\/index.php\/wp-json\/wp\/v2\/users\/1"}],"replies":[{"embeddable":true,"href":"http:\/\/adefav.org.br\/index.php\/wp-json\/wp\/v2\/comments?post=124"}],"version-history":[{"count":1,"href":"http:\/\/adefav.org.br\/index.php\/wp-json\/wp\/v2\/pages\/124\/revisions"}],"predecessor-version":[{"id":125,"href":"http:\/\/adefav.org.br\/index.php\/wp-json\/wp\/v2\/pages\/124\/revisions\/125"}],"wp:attachment":[{"href":"http:\/\/adefav.org.br\/index.php\/wp-json\/wp\/v2\/media?parent=124"}],"curies":[{"name":"wp","href":"https:\/\/api.w.org\/{rel}","templated":true}]}}