{"id":126,"date":"2026-03-04T14:32:38","date_gmt":"2026-03-04T17:32:38","guid":{"rendered":"http:\/\/adefav.org.br\/?page_id=126"},"modified":"2026-03-04T14:32:38","modified_gmt":"2026-03-04T17:32:38","slug":"educacao-2","status":"publish","type":"page","link":"http:\/\/adefav.org.br\/index.php\/educacao-2\/","title":{"rendered":"Educa\u00e7\u00e3o"},"content":{"rendered":"\n<p>O Instituto ADEFAV oferece atendimento educacional especializado para crian\u00e7as, adolescentes e jovens com defici\u00eancia.<\/p>\n\n\n\n<p>Nossos programas incluem:<\/p>\n\n\n\n<ul class=\"wp-block-list\">\n<li>Educa\u00e7\u00e3o Infantil Especializada<\/li>\n\n\n\n<li>Ensino Fundamental com apoio pedag\u00f3gico adaptado<\/li>\n\n\n\n<li>Atividades de Enriquecimento Curricular<\/li>\n\n\n\n<li>Desenvolvimento de autonomia e habilidades sociais<\/li>\n\n\n\n<li>Prepara\u00e7\u00e3o para o mundo do trabalho<\/li>\n<\/ul>\n\n\n\n<p>Nosso objetivo \u00e9 promover inclus\u00e3o real, desenvolvimento cognitivo e autonomia para cada estudante.<\/p>\n","protected":false},"excerpt":{"rendered":"<p>O Instituto ADEFAV oferece atendimento educacional especializado para crian\u00e7as, adolescentes e jovens com defici\u00eancia. Nossos programas incluem: Nosso objetivo \u00e9 promover inclus\u00e3o real, desenvolvimento cognitivo e autonomia para cada estudante.<\/p>\n","protected":false},"author":1,"featured_media":0,"parent":0,"menu_order":0,"comment_status":"closed","ping_status":"closed","template":"","meta":{"_vp_format_video_url":"","_vp_image_focal_point":[],"footnotes":""},"class_list":["post-126","page","type-page","status-publish","hentry"],"_links":{"self":[{"href":"http:\/\/adefav.org.br\/index.php\/wp-json\/wp\/v2\/pages\/126","targetHints":{"allow":["GET"]}}],"collection":[{"href":"http:\/\/adefav.org.br\/index.php\/wp-json\/wp\/v2\/pages"}],"about":[{"href":"http:\/\/adefav.org.br\/index.php\/wp-json\/wp\/v2\/types\/page"}],"author":[{"embeddable":true,"href":"http:\/\/adefav.org.br\/index.php\/wp-json\/wp\/v2\/users\/1"}],"replies":[{"embeddable":true,"href":"http:\/\/adefav.org.br\/index.php\/wp-json\/wp\/v2\/comments?post=126"}],"version-history":[{"count":1,"href":"http:\/\/adefav.org.br\/index.php\/wp-json\/wp\/v2\/pages\/126\/revisions"}],"predecessor-version":[{"id":127,"href":"http:\/\/adefav.org.br\/index.php\/wp-json\/wp\/v2\/pages\/126\/revisions\/127"}],"wp:attachment":[{"href":"http:\/\/adefav.org.br\/index.php\/wp-json\/wp\/v2\/media?parent=126"}],"curies":[{"name":"wp","href":"https:\/\/api.w.org\/{rel}","templated":true}]}}

Educação

<p>O Instituto ADEFAV oferece atendimento educacional especializado para crianças, adolescentes e jovens com deficiência.</p>



<p>Nossos programas incluem:</p>



<ul class="wp-block-list">
<li>Educação Infantil Especializada</li>



<li>Ensino Fundamental com apoio pedagógico adaptado</li>



<li>Atividades de Enriquecimento Curricular</li>



<li>Desenvolvimento de autonomia e habilidades sociais</li>



<li>Preparação para o mundo do trabalho</li>
</ul>



<p>Nosso objetivo é promover inclusão real, desenvolvimento cognitivo e autonomia para cada estudante.</p>

<p>O Instituto ADEFAV oferece atendimento educacional especializado para crianças, adolescentes e jovens com deficiência. Nossos programas incluem: Nosso objetivo é promover inclusão real, desenvolvimento cognitivo e autonomia para cada estudante.</p>
