{"id":167,"date":"2026-03-04T16:53:30","date_gmt":"2026-03-04T19:53:30","guid":{"rendered":"http:\/\/adefav.org.br\/?page_id=167"},"modified":"2026-03-04T16:53:31","modified_gmt":"2026-03-04T19:53:31","slug":"telemedicina-adefav","status":"publish","type":"page","link":"https:\/\/adefav.org.br\/index.php\/telemedicina-adefav\/","title":{"rendered":"TELEMEDICINA ADEFAV"},"content":{"rendered":"\n<p><strong>Sa\u00fade acess\u00edvel, humanizada e especializada&nbsp; onde voc\u00ea estiver.<\/strong><\/p>\n\n\n\n<p>A Telemedicina ADEFAV nasce da experi\u00eancia de mais de 42 anos do Instituto ADEFAV na promo\u00e7\u00e3o da sa\u00fade, educa\u00e7\u00e3o e inclus\u00e3o.<\/p>\n\n\n\n<p>Com o avan\u00e7o das tecnologias em sa\u00fade e o compromisso permanente com o cuidado humanizado, ampliamos nossa atua\u00e7\u00e3o para oferecer <strong>atendimentos m\u00e9dicos e terap\u00eauticos online<\/strong>, com seguran\u00e7a, \u00e9tica e excel\u00eancia profissional.<\/p>\n\n\n\n<p>Acreditamos que inclus\u00e3o tamb\u00e9m significa acesso \u00e0 sa\u00fade.<\/p>\n\n\n\n<p>E sa\u00fade n\u00e3o pode ter barreiras de dist\u00e2ncia.<\/p>\n\n\n\n<p><strong>Nossa Miss\u00e3o na Telemedicina<\/strong><\/p>\n\n\n\n<ul class=\"wp-block-list\">\n<li>Ampliar o acesso \u00e0 sa\u00fade especializada em todo o territ\u00f3rio nacional<\/li>\n\n\n\n<li>Garantir atendimento humanizado e individualizado<\/li>\n\n\n\n<li>Reduzir barreiras de locomo\u00e7\u00e3o para pessoas com defici\u00eancia<\/li>\n\n\n\n<li>Oferecer acompanhamento seguro, com profissionais qualificados<\/li>\n\n\n\n<li>Levar cuidado preventivo e diagn\u00f3stico especializado para todas as idades<\/li>\n<\/ul>\n\n\n\n<p><strong>Para Quem \u00e9 a Telemedicina ADEFAV?<\/strong><\/p>\n\n\n\n<p>Atendemos:<\/p>\n\n\n\n<ul class=\"wp-block-list\">\n<li>Crian\u00e7as<\/li>\n\n\n\n<li>Adolescentes<\/li>\n\n\n\n<li>Adultos<\/li>\n\n\n\n<li>Idosos<\/li>\n\n\n\n<li>Pessoas com defici\u00eancia<\/li>\n\n\n\n<li>Fam\u00edlias que necessitam de orienta\u00e7\u00e3o m\u00e9dica especializada<\/li>\n<\/ul>\n\n\n\n<p>A Telemedicina ADEFAV \u00e9 especialmente relevante para:<\/p>\n\n\n\n<p>\u2714 Pessoas com mobilidade reduzida<br>\u2714 Fam\u00edlias que residem fora dos grandes centros<br>\u2714 Pacientes que necessitam de acompanhamento cont\u00ednuo<br>\u2714 Pessoas que buscam orienta\u00e7\u00e3o segura e humanizada<\/p>\n\n\n\n<p><strong>Especialidades Dispon\u00edveis<\/strong><\/p>\n\n\n\n<p>Nossa equipe multidisciplinar conta com profissionais nas \u00e1reas de:<\/p>\n\n\n\n<ul class=\"wp-block-list\">\n<li>Cardiologia<\/li>\n\n\n\n<li>Cl\u00ednica M\u00e9dica<\/li>\n\n\n\n<li>Dermatologia<\/li>\n\n\n\n<li>Endocrinologia (adulto e pedi\u00e1trica)<\/li>\n\n\n\n<li>Gastroenterologia<\/li>\n\n\n\n<li>Geriatria<\/li>\n\n\n\n<li>Ginecologia<\/li>\n\n\n\n<li>Homeopatia (adulto e pedi\u00e1trica)<\/li>\n\n\n\n<li>Medicina da Fam\u00edlia<\/li>\n\n\n\n<li>Neurologia (adulto e pedi\u00e1trica)<\/li>\n\n\n\n<li>Ortopedia e Traumatologia<\/li>\n\n\n\n<li>Otorrinolaringologia<\/li>\n\n\n\n<li>Pediatria<\/li>\n\n\n\n<li>Psicologia<\/li>\n\n\n\n<li>Psiquiatria<\/li>\n\n\n\n<li>Urologia<\/li>\n<\/ul>\n\n\n\n<p><strong>Como Funciona<\/strong><\/p>\n\n\n\n<p>\u2705Agendamento online<br>\u2705Atendimento por plataforma segura<br>\u2705Avalia\u00e7\u00e3o cl\u00ednica individualizada<br>\u2705Emiss\u00e3o de orienta\u00e7\u00f5es e, quando necess\u00e1rio, receitas e encaminhamentos<br>\u2705Acompanhamento cont\u00ednuo conforme plano terap\u00eautico<\/p>\n\n\n\n<p>Nosso modelo segue as normas vigentes do Conselho Federal de Medicina e legisla\u00e7\u00f5es aplic\u00e1veis \u00e0 Telemedicina.<\/p>\n\n\n\n<p><strong>Diferenciais da Telemedicina ADEFAV<\/strong><\/p>\n\n\n\n<p>\u2705 Institui\u00e7\u00e3o com mais de 42 anos de atua\u00e7\u00e3o<br>\u2705 Refer\u00eancia nacional em defici\u00eancia m\u00faltipla sensorial e surdocegueira<br>\u2705 Atendimento com foco em inclus\u00e3o<br>\u2705 Equipe multidisciplinar<br>\u2705 Atendimento humanizado<br>\u2705 Experi\u00eancia em gest\u00e3o e atua\u00e7\u00e3o junto ao SUS e \u00f3rg\u00e3os p\u00fablicos<\/p>\n\n\n\n<p>Apresenta\u00e7\u00e3o Telemedicina Adefa\u2026<\/p>\n\n\n\n<p><strong>Seguran\u00e7a e \u00c9tica<\/strong><\/p>\n\n\n\n<p>Todos os atendimentos s\u00e3o realizados com:<\/p>\n\n\n\n<ul class=\"wp-block-list\">\n<li>Sigilo profissional<\/li>\n\n\n\n<li>Prote\u00e7\u00e3o de dados<\/li>\n\n\n\n<li>Plataformas seguras<\/li>\n\n\n\n<li>Profissionais habilitados e registrados em seus respectivos conselhos<\/li>\n<\/ul>\n\n\n\n<p>A Telemedicina ADEFAV mant\u00e9m o padr\u00e3o de \u00e9tica, compromisso e responsabilidade que marcam a hist\u00f3ria do Instituto.<\/p>\n\n\n\n<p><strong>Impacto Social<\/strong><\/p>\n\n\n\n<p>Ao escolher a Telemedicina ADEFAV, voc\u00ea:<\/p>\n\n\n\n<p>\u2714 Cuida da sua sa\u00fade<br>\u2714 Apoia uma institui\u00e7\u00e3o sem fins lucrativos<br>\u2714 Contribui para a continuidade de projetos de inclus\u00e3o social<br>\u2714 Fortalece a miss\u00e3o do Instituto ADEFAV<\/p>\n\n\n\n<p>Cada atendimento realizado fortalece nossa rede de cuidado e inclus\u00e3o.<\/p>\n\n\n\n<p><strong>Agende Sua Consulta<\/strong><\/p>\n\n\n\n<p>\ud83d\udccd Atendimento em todo o Brasil<br>\ud83d\udce7 saude@adefav.org.br<br>\ud83d\udcde (11) 94222-4628<br>\ud83d\udccd Sede: R. Clemente Pereira, 286 \u2013 Ipiranga \u2013 S\u00e3o Paulo\/SP<\/p>\n","protected":false},"excerpt":{"rendered":"<p>Sa\u00fade acess\u00edvel, humanizada e especializada&nbsp; onde voc\u00ea estiver. A Telemedicina ADEFAV nasce da experi\u00eancia de mais de 42 anos do Instituto ADEFAV na promo\u00e7\u00e3o da sa\u00fade, educa\u00e7\u00e3o e inclus\u00e3o. Com o avan\u00e7o das tecnologias em sa\u00fade e o compromisso permanente com o cuidado humanizado, ampliamos nossa atua\u00e7\u00e3o para oferecer atendimentos m\u00e9dicos e terap\u00eauticos online, com [&hellip;]<\/p>\n","protected":false},"author":1,"featured_media":0,"parent":0,"menu_order":0,"comment_status":"closed","ping_status":"closed","template":"","meta":{"_vp_format_video_url":"","_vp_image_focal_point":[],"footnotes":""},"class_list":["post-167","page","type-page","status-publish","hentry"],"_links":{"self":[{"href":"https:\/\/adefav.org.br\/index.php\/wp-json\/wp\/v2\/pages\/167","targetHints":{"allow":["GET"]}}],"collection":[{"href":"https:\/\/adefav.org.br\/index.php\/wp-json\/wp\/v2\/pages"}],"about":[{"href":"https:\/\/adefav.org.br\/index.php\/wp-json\/wp\/v2\/types\/page"}],"author":[{"embeddable":true,"href":"https:\/\/adefav.org.br\/index.php\/wp-json\/wp\/v2\/users\/1"}],"replies":[{"embeddable":true,"href":"https:\/\/adefav.org.br\/index.php\/wp-json\/wp\/v2\/comments?post=167"}],"version-history":[{"count":1,"href":"https:\/\/adefav.org.br\/index.php\/wp-json\/wp\/v2\/pages\/167\/revisions"}],"predecessor-version":[{"id":168,"href":"https:\/\/adefav.org.br\/index.php\/wp-json\/wp\/v2\/pages\/167\/revisions\/168"}],"wp:attachment":[{"href":"https:\/\/adefav.org.br\/index.php\/wp-json\/wp\/v2\/media?parent=167"}],"curies":[{"name":"wp","href":"https:\/\/api.w.org\/{rel}","templated":true}]}}

<p><strong>Saúde acessível, humanizada e especializada&nbsp; onde você estiver.</strong></p>



<p>A Telemedicina ADEFAV nasce da experiência de mais de 42 anos do Instituto ADEFAV na promoção da saúde, educação e inclusão.</p>



<p>Com o avanço das tecnologias em saúde e o compromisso permanente com o cuidado humanizado, ampliamos nossa atuação para oferecer <strong>atendimentos médicos e terapêuticos online</strong>, com segurança, ética e excelência profissional.</p>



<p>Acreditamos que inclusão também significa acesso à saúde.</p>



<p>E saúde não pode ter barreiras de distância.</p>



<p><strong>Nossa Missão na Telemedicina</strong></p>



<ul class="wp-block-list">
<li>Ampliar o acesso à saúde especializada em todo o território nacional</li>



<li>Garantir atendimento humanizado e individualizado</li>



<li>Reduzir barreiras de locomoção para pessoas com deficiência</li>



<li>Oferecer acompanhamento seguro, com profissionais qualificados</li>



<li>Levar cuidado preventivo e diagnóstico especializado para todas as idades</li>
</ul>



<p><strong>Para Quem é a Telemedicina ADEFAV?</strong></p>



<p>Atendemos:</p>



<ul class="wp-block-list">
<li>Crianças</li>



<li>Adolescentes</li>



<li>Adultos</li>



<li>Idosos</li>



<li>Pessoas com deficiência</li>



<li>Famílias que necessitam de orientação médica especializada</li>
</ul>



<p>A Telemedicina ADEFAV é especialmente relevante para:</p>



<p>✔ Pessoas com mobilidade reduzida<br>✔ Famílias que residem fora dos grandes centros<br>✔ Pacientes que necessitam de acompanhamento contínuo<br>✔ Pessoas que buscam orientação segura e humanizada</p>



<p><strong>Especialidades Disponíveis</strong></p>



<p>Nossa equipe multidisciplinar conta com profissionais nas áreas de:</p>



<ul class="wp-block-list">
<li>Cardiologia</li>



<li>Clínica Médica</li>



<li>Dermatologia</li>



<li>Endocrinologia (adulto e pediátrica)</li>



<li>Gastroenterologia</li>



<li>Geriatria</li>



<li>Ginecologia</li>



<li>Homeopatia (adulto e pediátrica)</li>



<li>Medicina da Família</li>



<li>Neurologia (adulto e pediátrica)</li>



<li>Ortopedia e Traumatologia</li>



<li>Otorrinolaringologia</li>



<li>Pediatria</li>



<li>Psicologia</li>



<li>Psiquiatria</li>



<li>Urologia</li>
</ul>



<p><strong>Como Funciona</strong></p>



<p>✅Agendamento online<br>✅Atendimento por plataforma segura<br>✅Avaliação clínica individualizada<br>✅Emissão de orientações e, quando necessário, receitas e encaminhamentos<br>✅Acompanhamento contínuo conforme plano terapêutico</p>



<p>Nosso modelo segue as normas vigentes do Conselho Federal de Medicina e legislações aplicáveis à Telemedicina.</p>



<p><strong>Diferenciais da Telemedicina ADEFAV</strong></p>



<p>✅ Instituição com mais de 42 anos de atuação<br>✅ Referência nacional em deficiência múltipla sensorial e surdocegueira<br>✅ Atendimento com foco em inclusão<br>✅ Equipe multidisciplinar<br>✅ Atendimento humanizado<br>✅ Experiência em gestão e atuação junto ao SUS e órgãos públicos</p>



<p>Apresentação Telemedicina Adefa…</p>



<p><strong>Segurança e Ética</strong></p>



<p>Todos os atendimentos são realizados com:</p>



<ul class="wp-block-list">
<li>Sigilo profissional</li>



<li>Proteção de dados</li>



<li>Plataformas seguras</li>



<li>Profissionais habilitados e registrados em seus respectivos conselhos</li>
</ul>



<p>A Telemedicina ADEFAV mantém o padrão de ética, compromisso e responsabilidade que marcam a história do Instituto.</p>



<p><strong>Impacto Social</strong></p>



<p>Ao escolher a Telemedicina ADEFAV, você:</p>



<p>✔ Cuida da sua saúde<br>✔ Apoia uma instituição sem fins lucrativos<br>✔ Contribui para a continuidade de projetos de inclusão social<br>✔ Fortalece a missão do Instituto ADEFAV</p>



<p>Cada atendimento realizado fortalece nossa rede de cuidado e inclusão.</p>



<p><strong>Agende Sua Consulta</strong></p>



<p>📍 Atendimento em todo o Brasil<br>📧 saude@adefav.org.br<br>📞 (11) 94222-4628<br>📍 Sede: R. Clemente Pereira, 286 – Ipiranga – São Paulo/SP</p>

<p>Saúde acessível, humanizada e especializada&nbsp; onde você estiver. A Telemedicina ADEFAV nasce da experiência de mais de 42 anos do Instituto ADEFAV na promoção da saúde, educação e inclusão. Com o avanço das tecnologias em saúde e o compromisso permanente com o cuidado humanizado, ampliamos nossa atuação para oferecer atendimentos médicos e terapêuticos online, com [&hellip;]</p>
